+ 0*b**2 - 2 + 10*b. Give v(q).
22
Let m(w) be the third derivative of -w**5/60 - 31*w**4/24 + 103*w**3/6 + 278*w**2. Calculate m(-34).
1
Suppose -1 = -3*o - 7, 0 = 4*b - 3*o + 14. Let h(t) be the second derivative of -t**3/3 + 3*t**2 + 63*t. Calculate h(b).
16
Let v = 6499 - 6499. Let k(b) = 3*b - 1. Give k(v).
-1
Let z(j) = -j**2 + 38*j + 84. Let k be z(40). Suppose k*n + 60 = -6*n. Let s(q) = -q**3 - 7*q**2 - 9*q - 9. Determine s(n).
9
Let m(x) = 7*x**3 + 9*x**2 - 11*x - 4. Let n(g) = 48*g**3 + 69*g**2 - 79*g - 29. Let a(k) = -15*m(k) + 2*n(k). What is a(-2)?
72
Let g(m) = m**3 - 9*m**2 - 9*m - 7. Let u be ((-35)/(-10) + 2)*18/33. Suppose -4*c - 35 = 2*n - 63, -u*c = -6. Determine g(n).
3
Let q = -123 - -148. Suppose 2*u + 160 = 6*u. Let a be (2 - u/q)*10. Let t(f) = f**3 - 4*f**2 + f + 2. Calculate t(a).
6
Suppose -2*t + 3*m = -15, 0*m - 2*m = 2. Suppose 22*r - t = 24*r. Let c(f) = f + 6. Give c(r).
3
Let q(r) be the first derivative of r**5/60 + 5*r**4/12 - r**3/6 - r**2 - 28*r + 10. Let f(x) be the second derivative of q(x). Give f(-7).
-22
Let h(d) = -3*d - 14. Let b(v) = v**2 - v + 3. Let c(o) = 2*o**2 + 24*o + 123. Let q(p) = b(p) - c(p). Let y be q(-19). Give h(y).
4
Let g be ((-16)/(-24))/2*168/8. Let h(l) = -l**2 + 18*l - 5. What is h(g)?
72
Let v(x) = -x - 17. Suppose 7*y - 26*y + 8 = -30. Suppose -3*a = 2*a - 4*f + 5, 0 = 4*a + 2*f - 22. Suppose y*u = a*u. Calculate v(u).
-17
Let d(p) be the third derivative of p**5/60 - p**4/3 + 2*p**3/3 + 2*p**2. Let g(s) = s**3 - 13*s**2 + 12*s - 32. Let r be g(11). Let w = r - -147. What is d(w)?
-11
Let r(p) = -6*p**3 + p**2 - p + 1. Let q = 419 - 414. Suppose 5*f = -y + 1, 0 = y - q*f - 16 + 15. Calculate r(y).
-5
Let v(d) = -d**3 + 37*d**2 - d + 32. Let j(z) = 4*z**3 + 8*z**2 - 15*z + 3. Let m be j(2). Calculate v(m).
-5
Suppose 0 = z + 2*o + 11 - 44, o - 129 = -5*z. Suppose 8*u - z = -17. Let f(k) be the second derivative of -k**5/2 - k**4/6 + k**3/6 + 9*k. Calculate f(u).
-11
Suppose -o + 4*m = -4*o + 28, -o = -m. Let l(r) = -2*r + r + o + 0. Let z(p) = p**2 + 94*p + 2189. Let h be z(-51). What is l(h)?
8
Let z(g) be the first derivative of 2*g**3 + 15*g**2/2 - 3*g + 5296. Calculate z(-3).
6
Suppose 2*a = -2*i - 2, 5*a = i - 9 - 8. Let k(s) = -15473 - 15478 + 3*s**2 - 15477 + 61907 + s**3 - 2*s - 15475. Give k(a).
10
Let s(y) = y**3 + 7*y**2 + 5*y - 6. Let v(g) = g + 26. Let u = 24 - 15. Let a(n) = 3*n + 51. Let k(c) = u*v(c) - 4*a(c). Let l be k(12). Give s(l).
0
Let s = -438 - -434. Let o be 6*(-12)/(-18)*3/s. Let c(d) = d**3 + 3*d**2 + d + 2. Give c(o).
-1
Let c(k) = -55*k + 384. Suppose -5*h - 30 = -5*r + 5, -5*r = 3*h - 35. What is c(r)?
-1
Let b be -2*(-2 - 133/(-14)). Let o be b/13 + 2/13. Let c(s) = -13*s**2. Give c(o).
-13
Let m = 35069 + -35079. Let j(b) = -b**3 - 6*b**2 + 42*b + 23. What is j(m)?
3
Let t(z) be the first derivative of -z**2/2 - 1. Let l = -272 + 290. Suppose 17*o + l = 11*o. What is t(o)?
3
Let v(m) = m**2 + 8*m + 2. Let t = -7075 - -7067. Give v(t).
2
Suppose -5*w = -0*w + 25. Let q = -969 + 972. Let i(k) = 4*k - 7 - 4*k**2 + 1 + 187215*k**3 - 187216*k**q. What is i(w)?
-1
Let x(t) = -t**2 - 12*t - 20. Let f(n) = -3*n**2 - 36*n - 60. Let r(l) = l**3 - 3*l + 4. Let y be r(1). Let b(j) = y*f(j) - 7*x(j). Calculate b(-10).
0
Suppose -9*y + 21 = -6*y. Let t(b) = -3*b**2 - 1 - 4*b**3 - 3*b + 10*b**3 - y*b**3. Calculate t(-3).
8
Let t be (0/2)/(24 + -47 - -24). Let s(l) = -l**2 - 2*l - 1. What is s(t)?
-1
Let i be 8*((-15)/13 + 1 - 527/(-806)). Let u(l) = l**3 - 4*l**2 - 7*l + 14. What is u(i)?
-14
Let x be 10/(-15)*63/(-6). Let a(s) = -4634 - 2*s**2 - 7*s + 3*s**2 + 4629. Give a(x).
-5
Let o(g) = -g**2 - 18 - 45 + 76 - 39 - 10*g. Give o(-5).
-1
Let a(p) = -p**3 - 8*p**2 - 117*p - 626. Let j be a(-6). Let x(w) = -w**3 + 4*w**2 - 2*w - 2. Calculate x(j).
-10
Let d = 3893 + -3889. Let f(v) = 18*v - 13. What is f(d)?
59
Let s(t) = t**3 + 13*t**2 + 12*t - 6. Let v be (6/(-18))/(33/9 - 3)*24. Determine s(v).
-6
Let b = -152 + 155. Suppose 0 = -9*a + b*a + 54. Let d(l) = 3*l**2 - 32*l + 1. Let i(k) = -2*k**2 + 21*k - 1. Let x(j) = -5*d(j) - 8*i(j). Calculate x(a).
12
Let v = 126 - 80. Let r = -36 + v. Let d be r/2 - (3 - -4). Let l(i) = -i**3 - 2*i**2 - i + 2. Determine l(d).
4
Let y(t) = -t + 81. Let s be y(33). Let c(f) = 48*f - 49*f - s + 41. Give c(-9).
2
Let m(y) = -17*y - 1. Let f be m(1). Suppose 213*c - 168 = 220*c. Let x = f - c. Let n(o) = -o**2 + 8*o - 3. Calculate n(x).
9
Let f(s) = 13*s + 68. Let a = -18379 - -18373. Determine f(a).
-10
Let a(c) = -c + 1. Let j(w) = 5*w + 1. Let i(d) = 4*a(d) + j(d). Suppose 0*k - 311 = k + 3*p, -5*k - 1483 = -3*p. Let r = k - -299. Give i(r).
5
Let t(d) = -5*d**2 + d. Let b(c) = -2*c**2 - 2*c + 3. Let k(v) = -5*v**2 - 5*v + 7. Let a(w) = -7*b(w) + 3*k(w). Let l be a(1). What is t(l)?
-22
Let a(c) be the first derivative of 1/2*c**2 - 159 + 11*c. Give a(-7).
4
Suppose n + 83 + 12 = 2*g, -4*n - 37 = -g. Let y(z) = 2*z**2 - 5*z - 3. Let m be y(-3). Suppose -44*h + g*h = m. Let r(u) = 3*u - 8. Calculate r(h).
10
Let s(q) = -3*q + 34 + 26 - 1162*q**2 + 3 + 1161*q**2 + 5*q. What is s(9)?
0
Let o(l) = -l**3 + 5*l**2 + 7*l - 1. Let m be o(3). Suppose 0 = 39*c - m*c - 14. Suppose -c*b + 2 = -12. Let z(g) = -27*g**3. Give z(b).
-27
Let s = -472 + 505. Let q be s/(-6) + (-2)/(-4). Let v(f) = -2 + 2*f + 2 + 1. Calculate v(q).
-9
Suppose y - 4*x - 2 - 16 = 0, 0 = 2*y - 5*x - 30. Let f(m) = -65*m + 2. Let z(l) = 227*l - 9. Let t(n) = -7*f(n) - 2*z(n). Determine t(y).
14
Let w(g) = -g**3 - 2 + 2*g**3 + 1 + 4*g**2. Let s be 2/(-5)*1*(-250)/(-225)*9. Calculate w(s).
-1
Let m(l) be the first derivative of -3*l + 2*l**3 + 90 + 1/4*l**4 - l**2. What is m(-6)?
9
Let t(k) = -4 + 10 + 3*k + 3*k + 1 + 10. Let p(j) = -j**3 + 3*j**2 + 3*j + 3. Let n be p(4). Let z(f) = f + 1. Let m(r) = n*t(r) + 5*z(r). Calculate m(-7).
-5
Suppose 3*l - 4*d - 697 = 0, 151 = -5*l - d + 1305. Suppose l = -3*k + 213. Let c(f) be the first derivative of f**2/2 - 3*f + 2. What is c(k)?
-9
Suppose -117*v = -177*v - 840. Let x(z) = -z**2 - 10*z + 46. What is x(v)?
-10
Let r(f) = -3*f + 2502 - 840 - 829 - 830. Let n(y) = -22*y + 1. Let m be n(1). Let z be (18/(-21))/((-3)/m). Determine r(z).
21
Let g = -19 + 26. Suppose 5*d - 4*f + 230 = 0, d = -3*f - 34 + g. Let z = d + 36. Let v(j) = -j**2 - 5*j + 8. Determine v(z).
2
Suppose -6*t + 9 - 32 = -17. Let u(y) = 14*y**2. What is u(t)?
14
Let h be 58/(-145)*(-20)/(-2). Let q be (-10*(-5)/10)/(h - -3). Let i(m) be the third derivative of m**5/60 + 5*m**4/24 - 2*m**2. Give i(q).
0
Let l(u) = -u**3 - 7*u**2 - 6. Let f be l(-7). Suppose -2*g + s - 38 = -5*g, 16 = 2*g - 4*s. Let n(m) = -11*m - m**3 + 4 + g*m + 0*m - 6*m**2. Determine n(f).
-2
Let p(v) = -v - 6. Let t = -532 + 534. Suppose -5*q - 2*y = 20, 8 = -t*q + 3*y - y. Give p(q).
-2
Let b(f) = 3*f**2 - 326 + 0*f - f + 326. Let s(y) = -y + 1. Let k be s(-2). Suppose 2*c + 2*n - 3 = k*n, -c - 6 = n. Determine b(c).
4
Suppose -3*o + 5 = -5*a, 0 = -3*o + a + 26 - 1. Let t(x) = -25603857 + 3*x + 25603848 + 0*x. What is t(o)?
21
Let v(i) = -6*i - i**2 - 13 - i + 19 - 8 + 6*i. Let h be 0/(1 + -3 + 0). Determine v(h).
-2
Let a(g) = g**2 - g + 2. Let c be a(1). Let h(v) be the second derivative of -2*v**2 + 0 + 1/6*v**3 - 2*v. What is h(c)?
-2
Let d(q) = 3*q + 2*q - 4*q. Let j = 4313 - 4322. What is d(j)?
-9
Let w be -1*(1 - 0) + -15 - (5 + 4). Let z(g) = -g - 34. Give z(w).
-9
Suppose -4*u + 2*v + 256 = 0, -7*v = 5*u - 5*v - 338. Let h = -62 + u. Let s(y) = -y**3 + 4*y**2 + 3*y + 2. What is s(h)?
14
Let l(u) = 5*u**3 - 10*u**2 + 15*u - 33. Let s(r) = -r**3 + 2*r**2 - 3*r + 7. Let j(o) = -2*l(o) - 11*s(o). Calculate j(3).
7
Let w(j) = j**3 - 5*j**2 - j - 5. Let m be 420/112 + 1/4. Suppose -m*a = -7 - 13. Give w(a).
-10
Let n(s) be the third derivative of -2*s**5/15 + s**4/6 + s**3/6 - 19*s**2 - 24. Give n(4).
-111
Let d(q) = 36 - 10*q**2 - 16 - 10 - 9*q - q**3. Suppose 117 = 6*m - 19*m. Calculate d(m).
10
Let q = 462 + -449. Suppose 9*r = -10*r + q*r. Let m(w) = -w**2 + w + 15. Give m(r).
15
Let n(v) = v**2 + 2*v + 5. Let l(o) be the first derivative of -o**4/2 - 13*o**3 - 19*o**2/2 - 4*o - 17. Let y be l(-19). Calculate n(y).
13
Let o(w) be the third derivative of w**6/120 + w**5/